at is i(v)?
6
Let m(b) = -b + 1. Let v be (-15)/5 + 12/(12/4). Calculate m(v).
0
Let o(n) = -16*n**2 - 45*n + 102. Let i(y) = -3*y**2 - 9*y + 20. Let s(d) = -11*i(d) + 2*o(d). Calculate s(-10).
-6
Let n(j) = -6*j + 45. Let b be n(6). Let r(g) = g**3 - 10*g**2 + 9*g + 4. What is r(b)?
4
Suppose -2*l + 5 = 2*r - 1, 4*l + 6 = 2*r. Let q(u) = -r*u + u - 3 + 3*u. Let p(g) = g + 1. Let d be p(4). What is q(d)?
2
Let m = -16 + 28. Let d = -8 + m. Let t(f) = f**2 - 2. Let u(q) = -8*q**2 + 4*q + 14. Let v(s) = 7*t(s) + u(s). Give v(d).
0
Let v(p) be the third derivative of 5*p**4/8 - 526*p**2 + 1. Calculate v(2).
30
Let m(n) = 3*n - 4 + 5*n**2 + n - n**3 - n - 3*n - n. Calculate m(3).
11
Let n(u) = -6*u + 1 - 5 + 4*u. Let f(r) = 5*r + 9. Let h(m) = -6*f(m) - 13*n(m). Determine h(2).
-10
Let i(b) = -5*b**3 + 2*b**2 - 3*b + 8. Let m(y) = y**3 - y**2 + y - 1. Let t(l) = -i(l) - 6*m(l). Suppose -6452 = 4*u - 6464. Determine t(u).
-2
Let q(v) = -6*v - v**3 + 22*v - 5 - 14*v**2 + 22. Calculate q(-15).
2
Let k(i) = i**2 - 20*i - 20. Let p be k(21). Let c(z) = -z**3 + z - 2. Give c(p).
-2
Let d(u) = 6*u**2 - 1 + u - 16*u**2 + 11*u**2 - u**3. Let b be (-3)/1*2/(-6). Determine d(b).
0
Let u(y) be the third derivative of 4*y**2 + 1/6*y**3 + 5/24*y**4 + 1/120*y**5 + 0 + 0*y. Let k(d) be the first derivative of u(d). Determine k(-6).
-1
Let i(x) = -11*x**3 + 5*x**2 + 20*x - 41. Let r(y) = -5*y**3 + 3*y**2 + 10*y - 20. Let w(g) = -4*i(g) + 9*r(g). Let z be w(8). Let d(u) = -u**3 + 29. Give d(z).
29
Suppose -3 + 30 = -9*z. Let x(h) = -h**3 - 4*h**2 - 5*h - 4. Calculate x(z).
2
Let y be (-8)/12 + 1 + (-28)/12. Let m(w) = 2*w + 2. Give m(y).
-2
Let p be (-72)/66 + (-252)/132. Let h(c) = 1 + 0 + c + 1. Give h(p).
-1
Let b = 19 + -30. Let r be (2/(-6) - 1)*33/b. Let v(w) = -3*w + 6. Determine v(r).
-6
Suppose 3*u - 2 = -y, 2*y + 10 - 4 = -u. Suppose 18 = 5*c - u*c. Let m(g) = g**3 - 7*g**2 + 9*g - 8. What is m(c)?
10
Let m(z) = 6*z**2 - 5*z - 4. Suppose 3 = 4*o - 1. Let u(i) = i + 1. Let k(c) = o*m(c) + 5*u(c). Let l be k(1). Let w(t) = t**2 - 9*t + 10. Determine w(l).
-4
Let v(s) be the third derivative of -s**6/120 - s**5/15 - s**4/24 + 2*s**3/3 - 103*s**2. Determine v(-4).
8
Let c = -26 - -28. Let v(b) = -2*b + b**2 - 33*b**3 + 1 + 2*b**c + 32*b**3. Give v(3).
-5
Let f(y) = -y**3 + 10*y**2 - 10*y + 1. Let j be f(9). Let b(n) = n**2 + 5*n - 5. Determine b(j).
19
Let m(h) = -128*h + 4 + 256*h - 123*h. Calculate m(-4).
-16
Let k(m) = -22*m - 4. Let n(l) = 7*l - 4*l - 11*l - 1. Let c(o) = 3*k(o) - 8*n(o). Give c(-3).
2
Let w be ((-51)/(-153))/(-1 - 20/(-21)). Let t(v) = -v**3 - 7*v**2 - v - 10. Give t(w).
-3
Let i(a) be the first derivative of 11*a**2/2 - a - 6. Let g be 8/4 - 3/(2/2). Give i(g).
-12
Let b(h) be the second derivative of -1/20*h**5 - 5/12*h**4 + 0 + 5*h - 1/2*h**2 - 1/6*h**3. Let q be b(-5). Let u(d) = -d**2 + 4*d - 4. Calculate u(q).
-4
Let b = 0 + 3. Let a(i) = -9*i**2 - 3*i + 4 - 3*i - i**b + 7. Let d be a(-8). Let h(q) = -q**2 - 2*q + 7. Calculate h(d).
-8
Suppose t - 16 = -5*m, -2 = -4*t - t + m. Let b(k) = -k. Determine b(t).
-1
Let u(z) be the first derivative of z**3/3 - 2*z**2 - 4*z - 173. Determine u(4).
-4
Let t(k) = 4*k**3 + 2*k**2 - 10*k + 5. Let x(f) = 5*f**3 + f**2 - 11*f + 6. Let s be (-2)/((-6)/(-17)) + (-4)/(-6). Let q(u) = s*x(u) + 6*t(u). Determine q(6).
6
Suppose 18*a - 14 = 4*a. Let o(n) = 6*n**3 + n**2 - n. Give o(a).
6
Let v(n) = 2*n**2 + 4*n - 7. Let k be v(-4). Let f(m) = 0 - 6 + 0*m + m - 7. Calculate f(k).
-4
Let f(i) = -i**2 + 8*i + 4. Let l = -258 + 266. What is f(l)?
4
Let v(w) be the second derivative of w**6/120 + w**4/24 - w**3/2 + w**2 - 7*w. Let j(a) be the first derivative of v(a). Determine j(0).
-3
Let s(l) = l + 7. Let a(n) = -n**3 - 7*n**2 - 9*n - 10. Let f be a(-6). Let g be (-2)/f + 403/(-52). Give s(g).
-1
Let t(b) be the first derivative of b**3/3 - 3*b**2 + 8*b - 79. What is t(7)?
15
Let p(t) = 38*t + 8. Let r(l) = 31*l + 7. Let j(z) = 5*p(z) - 6*r(z). Give j(2).
6
Suppose -3*p + 3*j + 6 = 0, p + 7 = 4*j + 21. Let d(c) be the second derivative of 5/6*c**3 - 1/2*c**2 - 2*c + 0. Determine d(p).
-11
Let x(w) = -2*w**2 - 6*w - 5. Let l(k) = -37 - 17 - 5*k**2 - 17*k + 40. Let v(n) = 6*l(n) - 17*x(n). Determine v(1).
5
Let u = 2 + -2. Let m(i) be the first derivative of -i**2/2 + 11*i - 134. What is m(u)?
11
Let s(r) be the second derivative of -r**3/2 + 4*r**2 + 37*r. What is s(-6)?
26
Suppose -9*h = 2*h - 33. Let k(c) = -c**3 + 3*c**2 + 2*c + 1. Determine k(h).
7
Let o be 353/2 - 3/6*3. Let p(v) = -o*v**2 - 6 - 7*v + 85*v**2 + 89*v**2. Determine p(-4).
6
Let j(c) be the second derivative of 2*c**3/3 - 31*c**2/2 - 135*c - 3. Give j(9).
5
Let y(f) = 7*f**2 + f - 12. Suppose 0 = -4*l + 29 - 5. Let c(x) = 6*x**2 + 2*x - 12. Let u(k) = l*c(k) - 5*y(k). Give u(-9).
6
Let p(f) = 6*f**3 - 4*f**2 - f + 5. Let c(j) = j**3 + 1. Let d(x) = -2*x**3 + x**2 - 1. Let m(h) = c(h) + d(h). Let u(l) = 5*m(l) + p(l). Calculate u(0).
5
Suppose 179 = 20*a + 59. Let v(h) = h**2 - 7*h - 3. Let t(m) = m - 1. Let o(i) = 3*t(i) + v(i). Determine o(a).
6
Let k(c) be the first derivative of 5*c**3/3 + 18*c**2 + 8*c - 84. Determine k(-7).
1
Let t(x) = -x**3 - x**2 + 2*x - 4. Suppose 0 + 27 = 9*j. Suppose 4*v + 22 = -2*g, -j*g - 27 = -3*v + 7*v. Give t(v).
8
Let k(p) be the third derivative of p**6/120 - 13*p**5/60 - 13*p**4/24 - p**3/6 - 198*p**2. Determine k(14).
13
Let j be -10*-3*1/6. Let p(h) = -3*h**3 + 7*h**2 + 2*h - 9. Let f(y) = -2*y**3 - 4*y**2 + 3*y**2 - 2 + 3*y**3 + 3. Let r(o) = 2*f(o) + p(o). Determine r(j).
3
Suppose 24*o + 56 = 32*o. Let z(j) = j**2 - 7*j - 1. Give z(o).
-1
Suppose t - 4*t = 6. Let n(m) = 1 + 0*m + 3*m - 6*m + 2*m. Give n(t).
3
Let v(g) = -g**2 + g - 1. Suppose 10*m = 56 + 64. Suppose 15*y - 9 = m*y. What is v(y)?
-7
Let v(m) = -m + 3. Let u = 5 - 4. Let k(g) = -2*g - 2*g + 1 - g. Let f be k(u). What is v(f)?
7
Let y be (-4)/(-2)*-1 + 24. Let m(o) = 3*o - y + 36 - 20. Give m(5).
9
Let n(u) be the first derivative of u**4/4 - 4*u**3/3 - 3*u**2/2 + u + 71. Let s = 2 + 2. Give n(s).
-11
Let j be (14*(-3)/18)/((-6)/18). Let d(o) = o - 4. Determine d(j).
3
Let d(l) be the second derivative of -l**5/20 - 7*l**4/12 + 5*l**3/3 + 10*l**2 - 625*l - 2. Give d(-8).
4
Let i(d) = 50*d + 8. Let h(p) = -39*p - 8. Let y(k) = -4*h(k) - 3*i(k). Determine y(5).
38
Let y = -46 - -76. Let m(n) = 15*n + 2. Let t be m(-2). Let j = y + t. Let b(l) = -l**3 + 3*l**2 - 3*l + 3. Determine b(j).
1
Let n(y) = 2*y**3 + 4*y**2 + y + 2. Let b(f) = f**3 + 41*f**2 - 41*f + 39. Let a be b(-42). Determine n(a).
-19
Let b(w) = -w**2 - 6*w - 6. Suppose -2*q - 2 = -r, 9*r - 4*q - 34 = 12*r. What is b(r)?
-6
Let n(u) be the third derivative of 23*u**4/24 + u**3/6 + 28*u**2. Determine n(-1).
-22
Let m(t) be the third derivative of -t**6/120 + t**5/10 - t**3/2 + t**2. Let b(k) = -k**3 - 3*k**2 - 44. Let x be b(-5). Calculate m(x).
-3
Let t be -32 - 7/((-7)/(-2)). Let n = -33 - t. Let x(q) be the second derivative of -2*q**5/5 - q**3/6 + q**2/2 + q. Calculate x(n).
-8
Let c(p) = -18*p - 16*p + 38*p + 5. Give c(4).
21
Let s = -16 - -26. Let x(c) = s*c - 5*c - 6 - 2*c - 4*c. Calculate x(-5).
-1
Let y(r) = -r**3 - 5*r**2 - 7*r - 2. Let m(f) = -13*f + 255. Let w be m(20). What is y(w)?
33
Let j(c) = c - 3. Let n be j(11). Let z be 185/60*-3 + 2/n. Let i(q) = -q - 9. Determine i(z).
0
Let n(y) = y - 6. Suppose 5*t + 3*c - 18 = 39, 5*c - 65 = -5*t. Let l be (6/5)/((-14)/(-35)). Suppose 33 - t = l*h. Determine n(h).
2
Let g(x) = -x**2 + 2. Let p be 2/6*(-54)/6. Let f be (4 - 1)*-3 + p. Let z be 8/(-6) - (-8)/f. Give g(z).
-2
Let m(y) = 5*y + 6. Let k(x) = 3*x + 1. Let b(f) = f. Let n(q) = -2*b(q) + k(q). Let u(t) = -m(t) + 6*n(t). Determine u(-3).
-3
Let l(b) = -14*b - 1. Let p(a) = 2*a**2 + 2*a - 11. Let v(y) = y - 20. Let k be v(17). Let z be p(k). What is l(z)?
-15
Let p(x) = -x**2 + 9*x + 9. Let c(w) = -w - 1. Let f(h) = -6*c(h) - p(h). Suppose -111*s = -287 - 268. What is f(s)?
7
Let g(n) = -2*n - 2. Let h(k) = k**3 + 3*k**2 - 5*k + 16. Let a be h(-5). Determine g(a).
16
Let o(a) = 8*a - 40. Let d(u) = 7*u - 33. Let t(y) = -5*d(y) + 4*o(y). Give t(5).
-10
Let x(t) be the second derivative of -t**5/20 - 5*t**4/12 - t**3/6 - 7*t**2/2 - 2*t - 177. Give x(-5)